{"id":333,"date":"2014-08-28T20:19:22","date_gmt":"2014-08-28T18:19:22","guid":{"rendered":"http:\/\/tac-lackierzentrum.de\/wordpress\/?page_id=333"},"modified":"2015-03-09T20:03:33","modified_gmt":"2015-03-09T18:03:33","slug":"mercedes-benz-280-se-3-5-ii","status":"publish","type":"page","link":"https:\/\/tac-lackierzentrum.de\/wordpress\/galerie\/karosserie\/mercedes-benz-280-se-3-5-ii\/","title":{"rendered":"Mercedes Benz 280 SE 3.5  Cabrio Typ 111  &#8211;  II"},"content":{"rendered":"<p>Das Fahrzeug mit Vollausstattung aus dem Baujahr 1972 in amerikanischer Ausf\u00fchrung wurde komplett demontiert. Karosseriesch\u00e4den sind beseitigt worden und\u00a0 es erfolgte die Umr\u00fcstung vom amerikanischen Modell auf\u00a0 das deutsche Modell. Fahrzeug wurde von Altlacken befreit und innen und au\u00dfen im Originalfarbton neu lackiert. Das Leder der Innenausstattung wurde gereinigt und \u00fcberarbeitet. Die Holzverkleidungen am Armaturenbrett wurden \u00fcberarbeitet und erhielten ein neues Furnier.<\/p>\n<p>Im Anschluss an unsere Arbeiten wurde das Fahrzeug einem Sattler \u00fcbergeben, zwecks Erneuerung des Verdecks. Nach kompletter Fertigstellung konnte das Fahrzeug im neuen Glanz seinem Besitzer \u00fcbergeben werden.<\/p>\n<div id=\"maxgallery-320\" class=\"mg-image-tiles standard\">\t<div class=\"mg-thumbs mg-fivecol\">\t\t<ul><li>\t<a class='lightbox-320' href='https:\/\/tac-lackierzentrum.de\/wordpress\/wp-content\/uploads\/2014\/08\/DSC001741.jpg'  title='' aria-haspopup='dialog' data-lightbox-gallery='gallery-320' >\t\t<div class=\"\"><img class=\"mg_lazy\" data-src=\"https:\/\/tac-lackierzentrum.de\/wordpress\/wp-content\/uploads\/2014\/08\/DSC001741-200x200.jpg\" width=\"200\" height=\"200\" alt=\"\" title=\"DSC00174\" \/><noscript><img loading=\"lazy\" decoding=\"async\" src=\"https:\/\/tac-lackierzentrum.de\/wordpress\/wp-content\/uploads\/2014\/08\/DSC001741-200x200.jpg\" width=\"200\" height=\"200\" alt=\"\" \/><\/noscript>\t\t<\/div>\t<\/a><\/li><li>\t<a class='lightbox-320' href='https:\/\/tac-lackierzentrum.de\/wordpress\/wp-content\/uploads\/2014\/08\/DSC001751.jpg'  title='' aria-haspopup='dialog' data-lightbox-gallery='gallery-320' >\t\t<div class=\"\"><img class=\"mg_lazy\" data-src=\"https:\/\/tac-lackierzentrum.de\/wordpress\/wp-content\/uploads\/2014\/08\/DSC001751-200x200.jpg\" width=\"200\" height=\"200\" alt=\"\" title=\"DSC00175\" \/><noscript><img loading=\"lazy\" decoding=\"async\" src=\"https:\/\/tac-lackierzentrum.de\/wordpress\/wp-content\/uploads\/2014\/08\/DSC001751-200x200.jpg\" width=\"200\" height=\"200\" alt=\"\" \/><\/noscript>\t\t<\/div>\t<\/a><\/li><li>\t<a class='lightbox-320' href='https:\/\/tac-lackierzentrum.de\/wordpress\/wp-content\/uploads\/2014\/08\/DSC001761.jpg'  title='' aria-haspopup='dialog' data-lightbox-gallery='gallery-320' >\t\t<div class=\"\"><img class=\"mg_lazy\" data-src=\"https:\/\/tac-lackierzentrum.de\/wordpress\/wp-content\/uploads\/2014\/08\/DSC001761-200x200.jpg\" width=\"200\" height=\"200\" alt=\"\" title=\"DSC00176\" \/><noscript><img loading=\"lazy\" decoding=\"async\" src=\"https:\/\/tac-lackierzentrum.de\/wordpress\/wp-content\/uploads\/2014\/08\/DSC001761-200x200.jpg\" width=\"200\" height=\"200\" alt=\"\" \/><\/noscript>\t\t<\/div>\t<\/a><\/li><li>\t<a class='lightbox-320' href='https:\/\/tac-lackierzentrum.de\/wordpress\/wp-content\/uploads\/2014\/08\/DSC001771.jpg'  title='' aria-haspopup='dialog' data-lightbox-gallery='gallery-320' >\t\t<div class=\"\"><img class=\"mg_lazy\" data-src=\"https:\/\/tac-lackierzentrum.de\/wordpress\/wp-content\/uploads\/2014\/08\/DSC001771-200x200.jpg\" width=\"200\" height=\"200\" alt=\"\" title=\"DSC00177\" \/><noscript><img loading=\"lazy\" decoding=\"async\" src=\"https:\/\/tac-lackierzentrum.de\/wordpress\/wp-content\/uploads\/2014\/08\/DSC001771-200x200.jpg\" width=\"200\" height=\"200\" alt=\"\" \/><\/noscript>\t\t<\/div>\t<\/a><\/li><li>\t<a class='lightbox-320' href='https:\/\/tac-lackierzentrum.de\/wordpress\/wp-content\/uploads\/2014\/08\/DSC001781.jpg'  title='' aria-haspopup='dialog' data-lightbox-gallery='gallery-320' >\t\t<div class=\"\"><img class=\"mg_lazy\" data-src=\"https:\/\/tac-lackierzentrum.de\/wordpress\/wp-content\/uploads\/2014\/08\/DSC001781-200x200.jpg\" width=\"200\" height=\"200\" alt=\"\" title=\"DSC00178\" \/><noscript><img loading=\"lazy\" decoding=\"async\" src=\"https:\/\/tac-lackierzentrum.de\/wordpress\/wp-content\/uploads\/2014\/08\/DSC001781-200x200.jpg\" width=\"200\" height=\"200\" alt=\"\" \/><\/noscript>\t\t<\/div>\t<\/a><\/li><li>\t<a class='lightbox-320' href='https:\/\/tac-lackierzentrum.de\/wordpress\/wp-content\/uploads\/2014\/08\/DSC001791.jpg'  title='' aria-haspopup='dialog' data-lightbox-gallery='gallery-320' >\t\t<div class=\"\"><img class=\"mg_lazy\" data-src=\"https:\/\/tac-lackierzentrum.de\/wordpress\/wp-content\/uploads\/2014\/08\/DSC001791-200x200.jpg\" width=\"200\" height=\"200\" alt=\"\" title=\"DSC00179\" \/><noscript><img loading=\"lazy\" decoding=\"async\" src=\"https:\/\/tac-lackierzentrum.de\/wordpress\/wp-content\/uploads\/2014\/08\/DSC001791-200x200.jpg\" width=\"200\" height=\"200\" alt=\"\" \/><\/noscript>\t\t<\/div>\t<\/a><\/li>\t\t<\/ul>\t\t<div class=\"clear\"><\/div>\t<\/div>\t<span style=\"display: none;\" class=\"hidden-image-tiles-gallery-id\">320<\/span>\t<span style=\"display: none;\" class=\"hidden-lightbox-skin\">none<\/span>\t<span style=\"display: none;\" class=\"hidden-lightbox-effect\">none<\/span>\t<span style=\"display: none;\" class=\"hidden-lightbox-kb-nav\">true<\/span>\t<span style=\"display: none;\" class=\"hidden-lightbox-img-click-close\">true<\/span>\t<span style=\"display: none;\" class=\"hidden-lightbox-ol-click-close\">true<\/span>\t<span style=\"display: none;\" class=\"hidden-lightbox-close-tip-text\">Close<\/span>\t<span style=\"display: none;\" class=\"hidden-lightbox-next-tip-text\">Next<\/span>\t<span style=\"display: none;\" class=\"hidden-lightbox-prev-tip-text\">Previous<\/span>\t<span style=\"display: none;\" class=\"hidden-lightbox-error-tip-text\">The requested content cannot be loaded. Please try again later.<\/span><\/div><script>\ndocument.addEventListener(\"DOMContentLoaded\", function(event) { \njQuery(\"img.mg_lazy\").lazyload({threshold : 1});\n});\n<\/script>\n\n","protected":false},"excerpt":{"rendered":"<p>Das Fahrzeug mit Vollausstattung aus dem Baujahr 1972 in amerikanischer Ausf\u00fchrung wurde komplett demontiert. Karosseriesch\u00e4den sind beseitigt worden und\u00a0 es erfolgte die Umr\u00fcstung vom amerikanischen Modell auf\u00a0 das deutsche Modell. Fahrzeug wurde von Altlacken befreit und innen und au\u00dfen im Originalfarbton neu lackiert. Das Leder der Innenausstattung wurde gereinigt und \u00fcberarbeitet. Die Holzverkleidungen am Armaturenbrett [&hellip;]<\/p>\n","protected":false},"author":1,"featured_media":0,"parent":17,"menu_order":0,"comment_status":"closed","ping_status":"closed","template":"","meta":{"footnotes":""},"tags":[],"class_list":["post-333","page","type-page","status-publish","hentry"],"yoast_head":"<!-- This site is optimized with the Yoast SEO plugin v27.5 - https:\/\/yoast.com\/product\/yoast-seo-wordpress\/ -->\n<title>Mercedes Benz 280 SE 3.5 Cabrio Typ 111 - II - TAC Lackier- und Karosseriezentrum - K\u00f6ln<\/title>\n<meta name=\"robots\" content=\"index, follow, max-snippet:-1, max-image-preview:large, max-video-preview:-1\" \/>\n<link rel=\"canonical\" href=\"https:\/\/tac-lackierzentrum.de\/wordpress\/galerie\/karosserie\/mercedes-benz-280-se-3-5-ii\/\" \/>\n<meta property=\"og:locale\" content=\"en_US\" \/>\n<meta property=\"og:type\" content=\"article\" \/>\n<meta property=\"og:title\" content=\"Mercedes Benz 280 SE 3.5 Cabrio Typ 111 - II - TAC Lackier- und Karosseriezentrum - K\u00f6ln\" \/>\n<meta property=\"og:description\" content=\"Das Fahrzeug mit Vollausstattung aus dem Baujahr 1972 in amerikanischer Ausf\u00fchrung wurde komplett demontiert. Karosseriesch\u00e4den sind beseitigt worden und\u00a0 es erfolgte die Umr\u00fcstung vom amerikanischen Modell auf\u00a0 das deutsche Modell. Fahrzeug wurde von Altlacken befreit und innen und au\u00dfen im Originalfarbton neu lackiert. Das Leder der Innenausstattung wurde gereinigt und \u00fcberarbeitet. Die Holzverkleidungen am Armaturenbrett [&hellip;]\" \/>\n<meta property=\"og:url\" content=\"https:\/\/tac-lackierzentrum.de\/wordpress\/galerie\/karosserie\/mercedes-benz-280-se-3-5-ii\/\" \/>\n<meta property=\"og:site_name\" content=\"TAC Lackier- und Karosseriezentrum - K\u00f6ln\" \/>\n<meta property=\"article:modified_time\" content=\"2015-03-09T18:03:33+00:00\" \/>\n<meta name=\"twitter:card\" content=\"summary_large_image\" \/>\n<script type=\"application\/ld+json\" class=\"yoast-schema-graph\">{\"@context\":\"https:\\\/\\\/schema.org\",\"@graph\":[{\"@type\":\"WebPage\",\"@id\":\"https:\\\/\\\/tac-lackierzentrum.de\\\/wordpress\\\/galerie\\\/karosserie\\\/mercedes-benz-280-se-3-5-ii\\\/\",\"url\":\"https:\\\/\\\/tac-lackierzentrum.de\\\/wordpress\\\/galerie\\\/karosserie\\\/mercedes-benz-280-se-3-5-ii\\\/\",\"name\":\"Mercedes Benz 280 SE 3.5 Cabrio Typ 111 - II - TAC Lackier- und Karosseriezentrum - K\u00f6ln\",\"isPartOf\":{\"@id\":\"https:\\\/\\\/tac-lackierzentrum.de\\\/wordpress\\\/#website\"},\"datePublished\":\"2014-08-28T18:19:22+00:00\",\"dateModified\":\"2015-03-09T18:03:33+00:00\",\"breadcrumb\":{\"@id\":\"https:\\\/\\\/tac-lackierzentrum.de\\\/wordpress\\\/galerie\\\/karosserie\\\/mercedes-benz-280-se-3-5-ii\\\/#breadcrumb\"},\"inLanguage\":\"en-US\",\"potentialAction\":[{\"@type\":\"ReadAction\",\"target\":[\"https:\\\/\\\/tac-lackierzentrum.de\\\/wordpress\\\/galerie\\\/karosserie\\\/mercedes-benz-280-se-3-5-ii\\\/\"]}]},{\"@type\":\"BreadcrumbList\",\"@id\":\"https:\\\/\\\/tac-lackierzentrum.de\\\/wordpress\\\/galerie\\\/karosserie\\\/mercedes-benz-280-se-3-5-ii\\\/#breadcrumb\",\"itemListElement\":[{\"@type\":\"ListItem\",\"position\":1,\"name\":\"Home\",\"item\":\"https:\\\/\\\/tac-lackierzentrum.de\\\/wordpress\\\/\"},{\"@type\":\"ListItem\",\"position\":2,\"name\":\"Galerie\",\"item\":\"https:\\\/\\\/tac-lackierzentrum.de\\\/wordpress\\\/galerie\\\/\"},{\"@type\":\"ListItem\",\"position\":3,\"name\":\"Historische Fahrzeuge\",\"item\":\"https:\\\/\\\/tac-lackierzentrum.de\\\/wordpress\\\/galerie\\\/karosserie\\\/\"},{\"@type\":\"ListItem\",\"position\":4,\"name\":\"Mercedes Benz 280 SE 3.5 Cabrio Typ 111 &#8211; II\"}]},{\"@type\":\"WebSite\",\"@id\":\"https:\\\/\\\/tac-lackierzentrum.de\\\/wordpress\\\/#website\",\"url\":\"https:\\\/\\\/tac-lackierzentrum.de\\\/wordpress\\\/\",\"name\":\"TAC Lackier- und Karosseriezentrum - K\u00f6ln\",\"description\":\"TAC Lackier- und Karosseriezentrum k\u00fcmmert sich schnell und kompetent um Ihr Fahrzeug.\",\"publisher\":{\"@id\":\"https:\\\/\\\/tac-lackierzentrum.de\\\/wordpress\\\/#organization\"},\"potentialAction\":[{\"@type\":\"SearchAction\",\"target\":{\"@type\":\"EntryPoint\",\"urlTemplate\":\"https:\\\/\\\/tac-lackierzentrum.de\\\/wordpress\\\/?s={search_term_string}\"},\"query-input\":{\"@type\":\"PropertyValueSpecification\",\"valueRequired\":true,\"valueName\":\"search_term_string\"}}],\"inLanguage\":\"en-US\"},{\"@type\":\"Organization\",\"@id\":\"https:\\\/\\\/tac-lackierzentrum.de\\\/wordpress\\\/#organization\",\"name\":\"TAC Lackier- Karosseriezentrum\",\"url\":\"https:\\\/\\\/tac-lackierzentrum.de\\\/wordpress\\\/\",\"logo\":{\"@type\":\"ImageObject\",\"inLanguage\":\"en-US\",\"@id\":\"https:\\\/\\\/tac-lackierzentrum.de\\\/wordpress\\\/#\\\/schema\\\/logo\\\/image\\\/\",\"url\":\"https:\\\/\\\/tac-lackierzentrum.de\\\/wordpress\\\/wp-content\\\/uploads\\\/2020\\\/01\\\/karosseriebau-koeln-tac-lackierzentrum.jpg\",\"contentUrl\":\"https:\\\/\\\/tac-lackierzentrum.de\\\/wordpress\\\/wp-content\\\/uploads\\\/2020\\\/01\\\/karosseriebau-koeln-tac-lackierzentrum.jpg\",\"width\":300,\"height\":223,\"caption\":\"TAC Lackier- Karosseriezentrum\"},\"image\":{\"@id\":\"https:\\\/\\\/tac-lackierzentrum.de\\\/wordpress\\\/#\\\/schema\\\/logo\\\/image\\\/\"}}]}<\/script>\n<!-- \/ Yoast SEO plugin. -->","yoast_head_json":{"title":"Mercedes Benz 280 SE 3.5 Cabrio Typ 111 - II - TAC Lackier- und Karosseriezentrum - K\u00f6ln","robots":{"index":"index","follow":"follow","max-snippet":"max-snippet:-1","max-image-preview":"max-image-preview:large","max-video-preview":"max-video-preview:-1"},"canonical":"https:\/\/tac-lackierzentrum.de\/wordpress\/galerie\/karosserie\/mercedes-benz-280-se-3-5-ii\/","og_locale":"en_US","og_type":"article","og_title":"Mercedes Benz 280 SE 3.5 Cabrio Typ 111 - II - TAC Lackier- und Karosseriezentrum - K\u00f6ln","og_description":"Das Fahrzeug mit Vollausstattung aus dem Baujahr 1972 in amerikanischer Ausf\u00fchrung wurde komplett demontiert. Karosseriesch\u00e4den sind beseitigt worden und\u00a0 es erfolgte die Umr\u00fcstung vom amerikanischen Modell auf\u00a0 das deutsche Modell. Fahrzeug wurde von Altlacken befreit und innen und au\u00dfen im Originalfarbton neu lackiert. Das Leder der Innenausstattung wurde gereinigt und \u00fcberarbeitet. Die Holzverkleidungen am Armaturenbrett [&hellip;]","og_url":"https:\/\/tac-lackierzentrum.de\/wordpress\/galerie\/karosserie\/mercedes-benz-280-se-3-5-ii\/","og_site_name":"TAC Lackier- und Karosseriezentrum - K\u00f6ln","article_modified_time":"2015-03-09T18:03:33+00:00","twitter_card":"summary_large_image","schema":{"@context":"https:\/\/schema.org","@graph":[{"@type":"WebPage","@id":"https:\/\/tac-lackierzentrum.de\/wordpress\/galerie\/karosserie\/mercedes-benz-280-se-3-5-ii\/","url":"https:\/\/tac-lackierzentrum.de\/wordpress\/galerie\/karosserie\/mercedes-benz-280-se-3-5-ii\/","name":"Mercedes Benz 280 SE 3.5 Cabrio Typ 111 - II - TAC Lackier- und Karosseriezentrum - K\u00f6ln","isPartOf":{"@id":"https:\/\/tac-lackierzentrum.de\/wordpress\/#website"},"datePublished":"2014-08-28T18:19:22+00:00","dateModified":"2015-03-09T18:03:33+00:00","breadcrumb":{"@id":"https:\/\/tac-lackierzentrum.de\/wordpress\/galerie\/karosserie\/mercedes-benz-280-se-3-5-ii\/#breadcrumb"},"inLanguage":"en-US","potentialAction":[{"@type":"ReadAction","target":["https:\/\/tac-lackierzentrum.de\/wordpress\/galerie\/karosserie\/mercedes-benz-280-se-3-5-ii\/"]}]},{"@type":"BreadcrumbList","@id":"https:\/\/tac-lackierzentrum.de\/wordpress\/galerie\/karosserie\/mercedes-benz-280-se-3-5-ii\/#breadcrumb","itemListElement":[{"@type":"ListItem","position":1,"name":"Home","item":"https:\/\/tac-lackierzentrum.de\/wordpress\/"},{"@type":"ListItem","position":2,"name":"Galerie","item":"https:\/\/tac-lackierzentrum.de\/wordpress\/galerie\/"},{"@type":"ListItem","position":3,"name":"Historische Fahrzeuge","item":"https:\/\/tac-lackierzentrum.de\/wordpress\/galerie\/karosserie\/"},{"@type":"ListItem","position":4,"name":"Mercedes Benz 280 SE 3.5 Cabrio Typ 111 &#8211; II"}]},{"@type":"WebSite","@id":"https:\/\/tac-lackierzentrum.de\/wordpress\/#website","url":"https:\/\/tac-lackierzentrum.de\/wordpress\/","name":"TAC Lackier- und Karosseriezentrum - K\u00f6ln","description":"TAC Lackier- und Karosseriezentrum k\u00fcmmert sich schnell und kompetent um Ihr Fahrzeug.","publisher":{"@id":"https:\/\/tac-lackierzentrum.de\/wordpress\/#organization"},"potentialAction":[{"@type":"SearchAction","target":{"@type":"EntryPoint","urlTemplate":"https:\/\/tac-lackierzentrum.de\/wordpress\/?s={search_term_string}"},"query-input":{"@type":"PropertyValueSpecification","valueRequired":true,"valueName":"search_term_string"}}],"inLanguage":"en-US"},{"@type":"Organization","@id":"https:\/\/tac-lackierzentrum.de\/wordpress\/#organization","name":"TAC Lackier- Karosseriezentrum","url":"https:\/\/tac-lackierzentrum.de\/wordpress\/","logo":{"@type":"ImageObject","inLanguage":"en-US","@id":"https:\/\/tac-lackierzentrum.de\/wordpress\/#\/schema\/logo\/image\/","url":"https:\/\/tac-lackierzentrum.de\/wordpress\/wp-content\/uploads\/2020\/01\/karosseriebau-koeln-tac-lackierzentrum.jpg","contentUrl":"https:\/\/tac-lackierzentrum.de\/wordpress\/wp-content\/uploads\/2020\/01\/karosseriebau-koeln-tac-lackierzentrum.jpg","width":300,"height":223,"caption":"TAC Lackier- Karosseriezentrum"},"image":{"@id":"https:\/\/tac-lackierzentrum.de\/wordpress\/#\/schema\/logo\/image\/"}}]}},"_links":{"self":[{"href":"https:\/\/tac-lackierzentrum.de\/wordpress\/wp-json\/wp\/v2\/pages\/333","targetHints":{"allow":["GET"]}}],"collection":[{"href":"https:\/\/tac-lackierzentrum.de\/wordpress\/wp-json\/wp\/v2\/pages"}],"about":[{"href":"https:\/\/tac-lackierzentrum.de\/wordpress\/wp-json\/wp\/v2\/types\/page"}],"author":[{"embeddable":true,"href":"https:\/\/tac-lackierzentrum.de\/wordpress\/wp-json\/wp\/v2\/users\/1"}],"replies":[{"embeddable":true,"href":"https:\/\/tac-lackierzentrum.de\/wordpress\/wp-json\/wp\/v2\/comments?post=333"}],"version-history":[{"count":8,"href":"https:\/\/tac-lackierzentrum.de\/wordpress\/wp-json\/wp\/v2\/pages\/333\/revisions"}],"predecessor-version":[{"id":1765,"href":"https:\/\/tac-lackierzentrum.de\/wordpress\/wp-json\/wp\/v2\/pages\/333\/revisions\/1765"}],"up":[{"embeddable":true,"href":"https:\/\/tac-lackierzentrum.de\/wordpress\/wp-json\/wp\/v2\/pages\/17"}],"wp:attachment":[{"href":"https:\/\/tac-lackierzentrum.de\/wordpress\/wp-json\/wp\/v2\/media?parent=333"}],"wp:term":[{"taxonomy":"post_tag","embeddable":true,"href":"https:\/\/tac-lackierzentrum.de\/wordpress\/wp-json\/wp\/v2\/tags?post=333"}],"curies":[{"name":"wp","href":"https:\/\/api.w.org\/{rel}","templated":true}]}}