{"id":150,"date":"2014-08-25T21:29:18","date_gmt":"2014-08-25T19:29:18","guid":{"rendered":"http:\/\/tac-lackierzentrum.de\/wordpress\/?page_id=150"},"modified":"2020-02-28T12:08:01","modified_gmt":"2020-02-28T10:08:01","slug":"tac-bauprojekt","status":"publish","type":"page","link":"https:\/\/tac-lackierzentrum.de\/wordpress\/news-bei-tac\/tac-bauprojekt\/","title":{"rendered":"TAC &#8211; Bauprojekt"},"content":{"rendered":"<h2>Und so sieht die Zukunft aus im TAC Lackier- und Karosseriezentrum &#8211;\u00a0 und das schon sehr bald, denn die Bauvoranfrage wurde bereits genehmigt !!<\/h2>\n<p>Hier stellen wir Ihnen in K\u00fcrze unser zukunftsorientiertes Unternehmen vor.<\/p>\n<p>Bei unserem Unternehmen handelt es sich um eine Meisterwerkstatt f\u00fcr die PKW Karosserie- und Lackinstandsetzung.\u00a0Der Betrieb wurde zertifiziert f\u00fcr die historische Fahrzeuginstandsetzung im Bereich <a href=\"https:\/\/tac-lackierzentrum.de\/wordpress\/hier-ist-noch-eine-seite\/karosserie\/\">Karosserie<\/a> und <a href=\"https:\/\/tac-lackierzentrum.de\/wordpress\/hier-ist-noch-eine-seite\/lackierung\/\">Lackierung<\/a>. Das Unternehmen besteht seit 1998 und verf\u00fcgt \u00fcber fachspezifisches Know-how, langj\u00e4hrige Erfahrungen und bietet in allen Bereichen umfangreichen Service an.<\/p>\n<p>Ein stetig wachsender Kundenstamm hat nun dazu gef\u00fchrt, dass die jetzigen Betriebsr\u00e4ume nicht mehr ausreichen. Daher investieren wir in die Zukunft und bauen in verkehrsg\u00fcnstiger Lage in K\u00f6ln einen neuen Firmensitz mit erweitertem Konzept. Es wird nicht nur eine neue Werkstatthalle mit B\u00fcro und Sozialr\u00e4umen errichtet, sondern auch der Liebe zu Oldtimern viel Raum gegeben. Zus\u00e4tzlich wird eine weitere separate Halle errichtet mit einer gro\u00dfen Anzahl Garagen f\u00fcr <a href=\"https:\/\/tac-lackierzentrum.de\/wordpress\/galerie\/karosserie\/\">Oldtimer<\/a>.<\/p>\n<p>Die Boxen werden eine Gr\u00f6\u00dfe von ca. 3,50 m x 5,50 m haben, so dass auch gro\u00dfe Limousinen der Luxusklasse ausreichend Platz finden werden. Kleinere Arbeiten k\u00f6nnen problemlos selbst durchgef\u00fchrt werden. Dies ist sch\u00f6n und praktisch zugleich, da ja Ihr Fahrzeug in Werkstattn\u00e4he untergebracht ist. Auf Wunsch stehen wir gern jederzeit mit Rat und Tat zur Verf\u00fcgung und sie werden sp\u00fcren, dass wir mit K\u00f6nnen und automobiler Begeisterung jeden Klassiker wieder zum <em>&#8220;Rollen&#8221;<\/em> bringen k\u00f6nnen. Doch das ist noch nicht ALLES !<\/p>\n<p><a href=\"https:\/\/tac-lackierzentrum.de\/wordpress\/wp-content\/uploads\/2014\/08\/001.jpg\"><img loading=\"lazy\" decoding=\"async\" class=\" wp-image-1181 aligncenter\" src=\"https:\/\/tac-lackierzentrum.de\/wordpress\/wp-content\/uploads\/2014\/08\/001-1024x437.jpg\" alt=\"001\" width=\"925\" height=\"394\" srcset=\"https:\/\/tac-lackierzentrum.de\/wordpress\/wp-content\/uploads\/2014\/08\/001-1024x437.jpg 1024w, https:\/\/tac-lackierzentrum.de\/wordpress\/wp-content\/uploads\/2014\/08\/001-300x128.jpg 300w, https:\/\/tac-lackierzentrum.de\/wordpress\/wp-content\/uploads\/2014\/08\/001.jpg 1708w\" sizes=\"auto, (max-width: 925px) 100vw, 925px\" \/><\/a><\/p>\n<p>Speziell diese Halle wird gute klimatische Bedingungen haben und \u00fcber eine Elektronik verf\u00fcgen, die selbst\u00e4ndig die W\u00e4rme und Luftfeuchtigkeit steuert, damit Ihr Fahrzeug umfassend vor Korrosion, Rost, Oxidation und Schimmelbildung gesch\u00fctzt ist. Damit geh\u00f6rt die Rostbildung, die bereits bei 50% Luftfeuchtigkeit beginnt, bei Ihrem \u201eSch\u00e4tzchen\u201c der Vergangenheit an.<\/p>\n<p>Zug\u00e4nglich wird diese Halle nur den privaten Eigent\u00fcmern der dort eingestellten Fahrzeuge sein. Und das rund um die Uhr dank eines ausgekl\u00fcgelten Zugangsmechanismus. Alarmsicherung gegen Diebstahl und Feuer sind ebenfalls selbstverst\u00e4ndlich.<\/p>\n<p>[huge_it_slider id=&#8221;4&#8243;]<\/p>\n<p>Bereits jetzt k\u00f6nnen Sie sich eine Box f\u00fcr Ihren Oldtimer sichern! Gern setze ich Sie nach Kontaktaufnahme auf die Reservierungsliste und Sie sichern sich damit schon heute die optimale Unterbringung Ihres Oldtimers von morgen.<\/p>\n","protected":false},"excerpt":{"rendered":"<p>Und so sieht die Zukunft aus im TAC Lackier- und Karosseriezentrum &#8211;\u00a0 und das schon sehr bald, denn die Bauvoranfrage wurde bereits genehmigt !! Hier stellen wir Ihnen in K\u00fcrze unser zukunftsorientiertes Unternehmen vor. Bei unserem Unternehmen handelt es sich um eine Meisterwerkstatt f\u00fcr die PKW Karosserie- und Lackinstandsetzung.\u00a0Der Betrieb wurde zertifiziert f\u00fcr die historische [&hellip;]<\/p>\n","protected":false},"author":1,"featured_media":1157,"parent":43,"menu_order":0,"comment_status":"closed","ping_status":"closed","template":"","meta":{"footnotes":""},"tags":[],"class_list":["post-150","page","type-page","status-publish","has-post-thumbnail","hentry"],"yoast_head":"<!-- This site is optimized with the Yoast SEO plugin v27.3 - https:\/\/yoast.com\/product\/yoast-seo-wordpress\/ -->\n<title>TAC - Bauprojekt - TAC Lackier- und Karosseriezentrum - K\u00f6ln<\/title>\n<meta name=\"robots\" content=\"index, follow, max-snippet:-1, max-image-preview:large, max-video-preview:-1\" \/>\n<link rel=\"canonical\" href=\"https:\/\/tac-lackierzentrum.de\/wordpress\/news-bei-tac\/tac-bauprojekt\/\" \/>\n<meta property=\"og:locale\" content=\"en_US\" \/>\n<meta property=\"og:type\" content=\"article\" \/>\n<meta property=\"og:title\" content=\"TAC - Bauprojekt - TAC Lackier- und Karosseriezentrum - K\u00f6ln\" \/>\n<meta property=\"og:description\" content=\"Und so sieht die Zukunft aus im TAC Lackier- und Karosseriezentrum &#8211;\u00a0 und das schon sehr bald, denn die Bauvoranfrage wurde bereits genehmigt !! Hier stellen wir Ihnen in K\u00fcrze unser zukunftsorientiertes Unternehmen vor. Bei unserem Unternehmen handelt es sich um eine Meisterwerkstatt f\u00fcr die PKW Karosserie- und Lackinstandsetzung.\u00a0Der Betrieb wurde zertifiziert f\u00fcr die historische [&hellip;]\" \/>\n<meta property=\"og:url\" content=\"https:\/\/tac-lackierzentrum.de\/wordpress\/news-bei-tac\/tac-bauprojekt\/\" \/>\n<meta property=\"og:site_name\" content=\"TAC Lackier- und Karosseriezentrum - K\u00f6ln\" \/>\n<meta property=\"article:modified_time\" content=\"2020-02-28T10:08:01+00:00\" \/>\n<meta property=\"og:image\" content=\"https:\/\/tac-lackierzentrum.de\/wordpress\/wp-content\/uploads\/2014\/08\/DetailsBauplan.png\" \/>\n\t<meta property=\"og:image:width\" content=\"558\" \/>\n\t<meta property=\"og:image:height\" content=\"400\" \/>\n\t<meta property=\"og:image:type\" content=\"image\/png\" \/>\n<meta name=\"twitter:card\" content=\"summary_large_image\" \/>\n<meta name=\"twitter:label1\" content=\"Est. reading time\" \/>\n\t<meta name=\"twitter:data1\" content=\"2 minutes\" \/>\n<script type=\"application\/ld+json\" class=\"yoast-schema-graph\">{\"@context\":\"https:\\\/\\\/schema.org\",\"@graph\":[{\"@type\":\"WebPage\",\"@id\":\"https:\\\/\\\/tac-lackierzentrum.de\\\/wordpress\\\/news-bei-tac\\\/tac-bauprojekt\\\/\",\"url\":\"https:\\\/\\\/tac-lackierzentrum.de\\\/wordpress\\\/news-bei-tac\\\/tac-bauprojekt\\\/\",\"name\":\"TAC - Bauprojekt - TAC Lackier- und Karosseriezentrum - K\u00f6ln\",\"isPartOf\":{\"@id\":\"https:\\\/\\\/tac-lackierzentrum.de\\\/wordpress\\\/#website\"},\"primaryImageOfPage\":{\"@id\":\"https:\\\/\\\/tac-lackierzentrum.de\\\/wordpress\\\/news-bei-tac\\\/tac-bauprojekt\\\/#primaryimage\"},\"image\":{\"@id\":\"https:\\\/\\\/tac-lackierzentrum.de\\\/wordpress\\\/news-bei-tac\\\/tac-bauprojekt\\\/#primaryimage\"},\"thumbnailUrl\":\"https:\\\/\\\/tac-lackierzentrum.de\\\/wordpress\\\/wp-content\\\/uploads\\\/2014\\\/08\\\/DetailsBauplan.png\",\"datePublished\":\"2014-08-25T19:29:18+00:00\",\"dateModified\":\"2020-02-28T10:08:01+00:00\",\"breadcrumb\":{\"@id\":\"https:\\\/\\\/tac-lackierzentrum.de\\\/wordpress\\\/news-bei-tac\\\/tac-bauprojekt\\\/#breadcrumb\"},\"inLanguage\":\"en-US\",\"potentialAction\":[{\"@type\":\"ReadAction\",\"target\":[\"https:\\\/\\\/tac-lackierzentrum.de\\\/wordpress\\\/news-bei-tac\\\/tac-bauprojekt\\\/\"]}]},{\"@type\":\"ImageObject\",\"inLanguage\":\"en-US\",\"@id\":\"https:\\\/\\\/tac-lackierzentrum.de\\\/wordpress\\\/news-bei-tac\\\/tac-bauprojekt\\\/#primaryimage\",\"url\":\"https:\\\/\\\/tac-lackierzentrum.de\\\/wordpress\\\/wp-content\\\/uploads\\\/2014\\\/08\\\/DetailsBauplan.png\",\"contentUrl\":\"https:\\\/\\\/tac-lackierzentrum.de\\\/wordpress\\\/wp-content\\\/uploads\\\/2014\\\/08\\\/DetailsBauplan.png\",\"width\":558,\"height\":400},{\"@type\":\"BreadcrumbList\",\"@id\":\"https:\\\/\\\/tac-lackierzentrum.de\\\/wordpress\\\/news-bei-tac\\\/tac-bauprojekt\\\/#breadcrumb\",\"itemListElement\":[{\"@type\":\"ListItem\",\"position\":1,\"name\":\"Home\",\"item\":\"https:\\\/\\\/tac-lackierzentrum.de\\\/wordpress\\\/\"},{\"@type\":\"ListItem\",\"position\":2,\"name\":\"News\",\"item\":\"https:\\\/\\\/tac-lackierzentrum.de\\\/wordpress\\\/news-bei-tac\\\/\"},{\"@type\":\"ListItem\",\"position\":3,\"name\":\"TAC &#8211; Bauprojekt\"}]},{\"@type\":\"WebSite\",\"@id\":\"https:\\\/\\\/tac-lackierzentrum.de\\\/wordpress\\\/#website\",\"url\":\"https:\\\/\\\/tac-lackierzentrum.de\\\/wordpress\\\/\",\"name\":\"TAC Lackier- und Karosseriezentrum - K\u00f6ln\",\"description\":\"TAC Lackier- und Karosseriezentrum k\u00fcmmert sich schnell und kompetent um Ihr Fahrzeug.\",\"publisher\":{\"@id\":\"https:\\\/\\\/tac-lackierzentrum.de\\\/wordpress\\\/#organization\"},\"potentialAction\":[{\"@type\":\"SearchAction\",\"target\":{\"@type\":\"EntryPoint\",\"urlTemplate\":\"https:\\\/\\\/tac-lackierzentrum.de\\\/wordpress\\\/?s={search_term_string}\"},\"query-input\":{\"@type\":\"PropertyValueSpecification\",\"valueRequired\":true,\"valueName\":\"search_term_string\"}}],\"inLanguage\":\"en-US\"},{\"@type\":\"Organization\",\"@id\":\"https:\\\/\\\/tac-lackierzentrum.de\\\/wordpress\\\/#organization\",\"name\":\"TAC Lackier- Karosseriezentrum\",\"url\":\"https:\\\/\\\/tac-lackierzentrum.de\\\/wordpress\\\/\",\"logo\":{\"@type\":\"ImageObject\",\"inLanguage\":\"en-US\",\"@id\":\"https:\\\/\\\/tac-lackierzentrum.de\\\/wordpress\\\/#\\\/schema\\\/logo\\\/image\\\/\",\"url\":\"https:\\\/\\\/tac-lackierzentrum.de\\\/wordpress\\\/wp-content\\\/uploads\\\/2020\\\/01\\\/karosseriebau-koeln-tac-lackierzentrum.jpg\",\"contentUrl\":\"https:\\\/\\\/tac-lackierzentrum.de\\\/wordpress\\\/wp-content\\\/uploads\\\/2020\\\/01\\\/karosseriebau-koeln-tac-lackierzentrum.jpg\",\"width\":300,\"height\":223,\"caption\":\"TAC Lackier- Karosseriezentrum\"},\"image\":{\"@id\":\"https:\\\/\\\/tac-lackierzentrum.de\\\/wordpress\\\/#\\\/schema\\\/logo\\\/image\\\/\"}}]}<\/script>\n<!-- \/ Yoast SEO plugin. -->","yoast_head_json":{"title":"TAC - Bauprojekt - TAC Lackier- und Karosseriezentrum - K\u00f6ln","robots":{"index":"index","follow":"follow","max-snippet":"max-snippet:-1","max-image-preview":"max-image-preview:large","max-video-preview":"max-video-preview:-1"},"canonical":"https:\/\/tac-lackierzentrum.de\/wordpress\/news-bei-tac\/tac-bauprojekt\/","og_locale":"en_US","og_type":"article","og_title":"TAC - Bauprojekt - TAC Lackier- und Karosseriezentrum - K\u00f6ln","og_description":"Und so sieht die Zukunft aus im TAC Lackier- und Karosseriezentrum &#8211;\u00a0 und das schon sehr bald, denn die Bauvoranfrage wurde bereits genehmigt !! Hier stellen wir Ihnen in K\u00fcrze unser zukunftsorientiertes Unternehmen vor. Bei unserem Unternehmen handelt es sich um eine Meisterwerkstatt f\u00fcr die PKW Karosserie- und Lackinstandsetzung.\u00a0Der Betrieb wurde zertifiziert f\u00fcr die historische [&hellip;]","og_url":"https:\/\/tac-lackierzentrum.de\/wordpress\/news-bei-tac\/tac-bauprojekt\/","og_site_name":"TAC Lackier- und Karosseriezentrum - K\u00f6ln","article_modified_time":"2020-02-28T10:08:01+00:00","og_image":[{"width":558,"height":400,"url":"https:\/\/tac-lackierzentrum.de\/wordpress\/wp-content\/uploads\/2014\/08\/DetailsBauplan.png","type":"image\/png"}],"twitter_card":"summary_large_image","twitter_misc":{"Est. reading time":"2 minutes"},"schema":{"@context":"https:\/\/schema.org","@graph":[{"@type":"WebPage","@id":"https:\/\/tac-lackierzentrum.de\/wordpress\/news-bei-tac\/tac-bauprojekt\/","url":"https:\/\/tac-lackierzentrum.de\/wordpress\/news-bei-tac\/tac-bauprojekt\/","name":"TAC - Bauprojekt - TAC Lackier- und Karosseriezentrum - K\u00f6ln","isPartOf":{"@id":"https:\/\/tac-lackierzentrum.de\/wordpress\/#website"},"primaryImageOfPage":{"@id":"https:\/\/tac-lackierzentrum.de\/wordpress\/news-bei-tac\/tac-bauprojekt\/#primaryimage"},"image":{"@id":"https:\/\/tac-lackierzentrum.de\/wordpress\/news-bei-tac\/tac-bauprojekt\/#primaryimage"},"thumbnailUrl":"https:\/\/tac-lackierzentrum.de\/wordpress\/wp-content\/uploads\/2014\/08\/DetailsBauplan.png","datePublished":"2014-08-25T19:29:18+00:00","dateModified":"2020-02-28T10:08:01+00:00","breadcrumb":{"@id":"https:\/\/tac-lackierzentrum.de\/wordpress\/news-bei-tac\/tac-bauprojekt\/#breadcrumb"},"inLanguage":"en-US","potentialAction":[{"@type":"ReadAction","target":["https:\/\/tac-lackierzentrum.de\/wordpress\/news-bei-tac\/tac-bauprojekt\/"]}]},{"@type":"ImageObject","inLanguage":"en-US","@id":"https:\/\/tac-lackierzentrum.de\/wordpress\/news-bei-tac\/tac-bauprojekt\/#primaryimage","url":"https:\/\/tac-lackierzentrum.de\/wordpress\/wp-content\/uploads\/2014\/08\/DetailsBauplan.png","contentUrl":"https:\/\/tac-lackierzentrum.de\/wordpress\/wp-content\/uploads\/2014\/08\/DetailsBauplan.png","width":558,"height":400},{"@type":"BreadcrumbList","@id":"https:\/\/tac-lackierzentrum.de\/wordpress\/news-bei-tac\/tac-bauprojekt\/#breadcrumb","itemListElement":[{"@type":"ListItem","position":1,"name":"Home","item":"https:\/\/tac-lackierzentrum.de\/wordpress\/"},{"@type":"ListItem","position":2,"name":"News","item":"https:\/\/tac-lackierzentrum.de\/wordpress\/news-bei-tac\/"},{"@type":"ListItem","position":3,"name":"TAC &#8211; Bauprojekt"}]},{"@type":"WebSite","@id":"https:\/\/tac-lackierzentrum.de\/wordpress\/#website","url":"https:\/\/tac-lackierzentrum.de\/wordpress\/","name":"TAC Lackier- und Karosseriezentrum - K\u00f6ln","description":"TAC Lackier- und Karosseriezentrum k\u00fcmmert sich schnell und kompetent um Ihr Fahrzeug.","publisher":{"@id":"https:\/\/tac-lackierzentrum.de\/wordpress\/#organization"},"potentialAction":[{"@type":"SearchAction","target":{"@type":"EntryPoint","urlTemplate":"https:\/\/tac-lackierzentrum.de\/wordpress\/?s={search_term_string}"},"query-input":{"@type":"PropertyValueSpecification","valueRequired":true,"valueName":"search_term_string"}}],"inLanguage":"en-US"},{"@type":"Organization","@id":"https:\/\/tac-lackierzentrum.de\/wordpress\/#organization","name":"TAC Lackier- Karosseriezentrum","url":"https:\/\/tac-lackierzentrum.de\/wordpress\/","logo":{"@type":"ImageObject","inLanguage":"en-US","@id":"https:\/\/tac-lackierzentrum.de\/wordpress\/#\/schema\/logo\/image\/","url":"https:\/\/tac-lackierzentrum.de\/wordpress\/wp-content\/uploads\/2020\/01\/karosseriebau-koeln-tac-lackierzentrum.jpg","contentUrl":"https:\/\/tac-lackierzentrum.de\/wordpress\/wp-content\/uploads\/2020\/01\/karosseriebau-koeln-tac-lackierzentrum.jpg","width":300,"height":223,"caption":"TAC Lackier- Karosseriezentrum"},"image":{"@id":"https:\/\/tac-lackierzentrum.de\/wordpress\/#\/schema\/logo\/image\/"}}]}},"_links":{"self":[{"href":"https:\/\/tac-lackierzentrum.de\/wordpress\/wp-json\/wp\/v2\/pages\/150","targetHints":{"allow":["GET"]}}],"collection":[{"href":"https:\/\/tac-lackierzentrum.de\/wordpress\/wp-json\/wp\/v2\/pages"}],"about":[{"href":"https:\/\/tac-lackierzentrum.de\/wordpress\/wp-json\/wp\/v2\/types\/page"}],"author":[{"embeddable":true,"href":"https:\/\/tac-lackierzentrum.de\/wordpress\/wp-json\/wp\/v2\/users\/1"}],"replies":[{"embeddable":true,"href":"https:\/\/tac-lackierzentrum.de\/wordpress\/wp-json\/wp\/v2\/comments?post=150"}],"version-history":[{"count":32,"href":"https:\/\/tac-lackierzentrum.de\/wordpress\/wp-json\/wp\/v2\/pages\/150\/revisions"}],"predecessor-version":[{"id":2395,"href":"https:\/\/tac-lackierzentrum.de\/wordpress\/wp-json\/wp\/v2\/pages\/150\/revisions\/2395"}],"up":[{"embeddable":true,"href":"https:\/\/tac-lackierzentrum.de\/wordpress\/wp-json\/wp\/v2\/pages\/43"}],"wp:featuredmedia":[{"embeddable":true,"href":"https:\/\/tac-lackierzentrum.de\/wordpress\/wp-json\/wp\/v2\/media\/1157"}],"wp:attachment":[{"href":"https:\/\/tac-lackierzentrum.de\/wordpress\/wp-json\/wp\/v2\/media?parent=150"}],"wp:term":[{"taxonomy":"post_tag","embeddable":true,"href":"https:\/\/tac-lackierzentrum.de\/wordpress\/wp-json\/wp\/v2\/tags?post=150"}],"curies":[{"name":"wp","href":"https:\/\/api.w.org\/{rel}","templated":true}]}}