{"id":1188,"date":"2014-11-24T21:50:19","date_gmt":"2014-11-24T19:50:19","guid":{"rendered":"http:\/\/tac-lackierzentrum.de\/wordpress\/?page_id=1188"},"modified":"2020-04-08T16:16:49","modified_gmt":"2020-04-08T14:16:49","slug":"moderne-fahrzeuginstandsetzung","status":"publish","type":"page","link":"https:\/\/tac-lackierzentrum.de\/wordpress\/hier-ist-noch-eine-seite\/moderne-fahrzeuginstandsetzung\/","title":{"rendered":"Unfallinstandsetzung"},"content":{"rendered":"<p><a href=\"https:\/\/tac-lackierzentrum.de\/wordpress\/wp-content\/uploads\/2020\/04\/unfallinstandsetzung-koeln.jpg\"><img loading=\"lazy\" decoding=\"async\" class=\"alignnone size-full wp-image-2427\" src=\"https:\/\/tac-lackierzentrum.de\/wordpress\/wp-content\/uploads\/2020\/04\/unfallinstandsetzung-koeln.jpg\" alt=\"Unfallinstandsetzung in K\u00f6ln Ehrenfeld - Reparaturwerkstatt Tac Lackierzentrum\" width=\"768\" height=\"453\" srcset=\"https:\/\/tac-lackierzentrum.de\/wordpress\/wp-content\/uploads\/2020\/04\/unfallinstandsetzung-koeln.jpg 768w, https:\/\/tac-lackierzentrum.de\/wordpress\/wp-content\/uploads\/2020\/04\/unfallinstandsetzung-koeln-300x177.jpg 300w\" sizes=\"auto, (max-width: 768px) 100vw, 768px\" \/><\/a><\/p>\n<h2>Ihr Fachbetrieb f\u00fcr Unfallreperatur in K\u00f6ln<\/h2>\n<p>Ein Unfall ist schnell passiert und der bevorstehende \u00c4rger oft sehr gro\u00df. Wir k\u00f6nnen zwar den Unfall nicht ungeschehen machen. Aber wir von TAC Lackier- und Karosseriezentrum sind jederzeit f\u00fcr Sie da wenn die Sch\u00e4den an Ihrem Fahrzeug stressfrei behoben werden sollen.<br \/>\nKontaktieren Sie uns unter <a href=\"tel:0049221541605\">0221- 541605<\/a>. Sie finden uns in der Oskar-J\u00e4ger-Str. 147, in 50825 K\u00f6ln-Ehrenfeld.<\/p>\n<p>Wir bieten umfassenden Service von der Abholung nicht fahrbereiter Fahrzeuge, \u00fcber Bereitstellung eines Leihfahrzeugs, Erstellung eines Kostenvoranschlages, Beauftragung eines neutralen Gutachters und falls n\u00f6tig auch bis zur Beauftragung eines Rechtsanwalts.<\/p>\n<p>Die Reparatur wird fachm\u00e4nnisch in allen Bereichen egal ob <a href=\"https:\/\/tac-lackierzentrum.de\/wordpress\/hier-ist-noch-eine-seite\/karosserie\/\">Karosserie<\/a>, <a href=\"https:\/\/tac-lackierzentrum.de\/wordpress\/hier-ist-noch-eine-seite\/lackierung\/\">KFZ-Lackierung<\/a> oder Scheibeninstandsetzung durchgef\u00fchrt. Ebenso erledigen wir alle Formalit\u00e4ten mit der Versicherung f\u00fcr Sie. Ganz stressfrei f\u00fcr Sie und nach wenigen Tagen erinnert nichts mehr an das Malheur.<\/p>\n<p>Auch bei selbstverschuldeten Unf\u00e4llen, wo keine Kosten\u00fcbernahme durch Dritte erfolgt oder die Reparatur mit Neuteilen den Wiederbeschaffungswert Ihres Autos \u00fcbersteigt, werden wir mit Ihnen gemeinsam eine L\u00f6sung finden.<\/p>\n<h3>Vielf\u00e4ltige Reparaturleistungen aus einer Hand<\/h3>\n<p><a href=\"https:\/\/tac-lackierzentrum.de\/wordpress\/wp-content\/uploads\/2020\/04\/unfallreparatur-koeln.jpg\"><img loading=\"lazy\" decoding=\"async\" class=\"alignnone size-full wp-image-2429\" src=\"https:\/\/tac-lackierzentrum.de\/wordpress\/wp-content\/uploads\/2020\/04\/unfallreparatur-koeln.jpg\" alt=\"Unfallreparatur in unserer KFZ-Werkstatt in K\u00f6ln-Ehrenfeld\" width=\"768\" height=\"411\" srcset=\"https:\/\/tac-lackierzentrum.de\/wordpress\/wp-content\/uploads\/2020\/04\/unfallreparatur-koeln.jpg 768w, https:\/\/tac-lackierzentrum.de\/wordpress\/wp-content\/uploads\/2020\/04\/unfallreparatur-koeln-300x161.jpg 300w\" sizes=\"auto, (max-width: 768px) 100vw, 768px\" \/><\/a><\/p>\n<p>Zun\u00e4chst ermitteln wir Ihren Unfallschaden: ist dieser gering, setzen wir auf Smart Repair, damit Sie so schnell wie m\u00f6glich wieder mobil sind. Bei umfassenderen Sch\u00e4den profitieren Sie von den Leistungen unserer Karosserie- und Lackierwerkstatt.<\/p>\n<p>Hierzu geh\u00f6ren:<\/p>\n<ul>\n<li>Unfallinstandsetzung<\/li>\n<li>Rahmenrichtarbeiten<\/li>\n<li>Kunststoffreparatur<\/li>\n<li>Instandsetzung von Aluminiumteilen<\/li>\n<li>Ausbeulen ohne Lackierung<\/li>\n<li>KFZ-Technik<\/li>\n<li>Effektlackierungen<\/li>\n<li>Teil- und Volllackierungen<\/li>\n<li>Oldtimerlackierung<\/li>\n<li>Glaslackierung<\/li>\n<li>Farbtonermittlung mit einem elektronischen Farbtonmessger\u00e4t<\/li>\n<li>Aufbringen von Lack- und Sonnenschutzfolien<\/li>\n<li>Autoglas instand setzen und gegebenenfalls erneuern<\/li>\n<li>Glaslackierung<\/li>\n<li>Smart Repair<\/li>\n<\/ul>\n<p>Unsere Autowerkstatt bietet Ihnen einen umfassenden Service nach einem Unfall, dabei setzen wir auf modernste Ger\u00e4te und Verfahren und kompetente Beratung.<\/p>\n<h3>Professionelle Autoreparatur<\/h3>\n<p><a href=\"https:\/\/tac-lackierzentrum.de\/wordpress\/wp-content\/uploads\/2020\/04\/unfallinstandsetzung-koeln-ehrenfeld.jpg\"><img loading=\"lazy\" decoding=\"async\" class=\"alignnone size-full wp-image-2430\" src=\"https:\/\/tac-lackierzentrum.de\/wordpress\/wp-content\/uploads\/2020\/04\/unfallinstandsetzung-koeln-ehrenfeld.jpg\" alt=\"Unfallinstandsetzung in unserer KFZ-Werkstatt in K\u00f6ln\" width=\"768\" height=\"390\" srcset=\"https:\/\/tac-lackierzentrum.de\/wordpress\/wp-content\/uploads\/2020\/04\/unfallinstandsetzung-koeln-ehrenfeld.jpg 768w, https:\/\/tac-lackierzentrum.de\/wordpress\/wp-content\/uploads\/2020\/04\/unfallinstandsetzung-koeln-ehrenfeld-300x152.jpg 300w\" sizes=\"auto, (max-width: 768px) 100vw, 768px\" \/><\/a><\/p>\n<p>Beim TAC Lackier- und Karosseriezentrum handelt es sich um eine Autowerkstatt mit <a href=\"https:\/\/www.dekra.de\/de\/startseite\/\" target=\"_blank\" rel=\"noopener noreferrer\">DEKRA Siegel<\/a> Karosserie- und Lackfachbetrieb und Zertifzierung der <a href=\"https:\/\/www.karosserie-innungkoeln.de\/\" target=\"_blank\" rel=\"noopener noreferrer\">Karosseriebauer-Innung K\u00f6ln<\/a>.<\/p>\n<p>Wir sind ein markenunabh\u00e4ngiger Fachbetrieb f\u00fcr <strong>Unfallinstandsetzung in K\u00f6ln<\/strong> und in der Lage unabh\u00e4ngig von Baujahr oder Typ, Reparaturen und Wartungen durchzuf\u00fchren.<\/p>\n<p>Wir bieten unseren Kunden fachm\u00e4nnische Reparaturen, kompetente Beratung und schnelle Abwicklung.<\/p>\n<p>Qualit\u00e4t wird bei uns gro\u00df geschrieben. Durch den Einbau von Originalteilen gew\u00e4hrleisten wir nicht nur einen gewissen Standard, sondern es wird mittlerweile auch von vielen Versicherungen gefordert.<br \/>\nAu\u00dferdem k\u00f6nnen wir nicht verf\u00fcgbare Ersatzteile im Blechbereich selbst herstellen damit Sie schnell wieder fahren k\u00f6nnen.<\/p>\n<p>Unsere Kunden profitieren von unserer Begeisterung f\u00fcr die Arbeit und einer klaren Terminabsprache. Wir arbeiten mit viel Herzblut, um Ihr Auto so schnell und gut wie m\u00f6glich zu reparieren.<\/p>\n<h4>Ganz oder gar nicht in Sachen Unfallreparatur in K\u00f6ln<\/h4>\n<p>Wenden Sie sich beim Thema Unfallreparatur in K\u00f6ln vertrauensvoll an uns &#8211; wir sind f\u00fcr Sie da!<\/p>\n<p>Tel: <a href=\"tel:0049221541605\">0221- 541605<\/a><\/p>\n<p>Oder per <a href=\"https:\/\/tac-lackierzentrum.de\/wordpress\/ueberuns\/kontakt\/\">Kontaktformular<\/a>.<\/p>\n<p><a href=\"https:\/\/tac-lackierzentrum.de\/wordpress\/galerie\/modern\/bentleys\/\">Bilder von Unfallinstandsetzungen<\/a><\/p>\n","protected":false},"excerpt":{"rendered":"<p>Ihr Fachbetrieb f\u00fcr Unfallreperatur in K\u00f6ln Ein Unfall ist schnell passiert und der bevorstehende \u00c4rger oft sehr gro\u00df. Wir k\u00f6nnen zwar den Unfall nicht ungeschehen machen. Aber wir von TAC Lackier- und Karosseriezentrum sind jederzeit f\u00fcr Sie da wenn die Sch\u00e4den an Ihrem Fahrzeug stressfrei behoben werden sollen. Kontaktieren Sie uns unter 0221- 541605. Sie [&hellip;]<\/p>\n","protected":false},"author":1,"featured_media":2390,"parent":21,"menu_order":60,"comment_status":"closed","ping_status":"closed","template":"","meta":{"footnotes":""},"tags":[],"class_list":["post-1188","page","type-page","status-publish","has-post-thumbnail","hentry"],"yoast_head":"<!-- This site is optimized with the Yoast SEO plugin v27.3 - https:\/\/yoast.com\/product\/yoast-seo-wordpress\/ -->\n<title>Unfallinstandsetzung &amp; Unfallreparatur in K\u00f6ln | TAC Lackierzentrum<\/title>\n<meta name=\"description\" content=\"Unfallreparatur in K\u00f6ln \u27a4 Professionelle Unfallinstandsetzung \u2714 Anfertigung von Ersatzteilen \u2714 Smart Repair \u2714 Leihwagen \u2714 \u260e 0221-541 605 - Jetzt anrufen!\" \/>\n<meta name=\"robots\" content=\"index, follow, max-snippet:-1, max-image-preview:large, max-video-preview:-1\" \/>\n<link rel=\"canonical\" href=\"https:\/\/tac-lackierzentrum.de\/wordpress\/hier-ist-noch-eine-seite\/moderne-fahrzeuginstandsetzung\/\" \/>\n<meta property=\"og:locale\" content=\"en_US\" \/>\n<meta property=\"og:type\" content=\"article\" \/>\n<meta property=\"og:title\" content=\"Unfallinstandsetzung &amp; Unfallreparatur in K\u00f6ln | TAC Lackierzentrum\" \/>\n<meta property=\"og:description\" content=\"Unfallreparatur in K\u00f6ln \u27a4 Professionelle Unfallinstandsetzung \u2714 Anfertigung von Ersatzteilen \u2714 Smart Repair \u2714 Leihwagen \u2714 \u260e 0221-541 605 - Jetzt anrufen!\" \/>\n<meta property=\"og:url\" content=\"https:\/\/tac-lackierzentrum.de\/wordpress\/hier-ist-noch-eine-seite\/moderne-fahrzeuginstandsetzung\/\" \/>\n<meta property=\"og:site_name\" content=\"TAC Lackier- und Karosseriezentrum - K\u00f6ln\" \/>\n<meta property=\"article:modified_time\" content=\"2020-04-08T14:16:49+00:00\" \/>\n<meta property=\"og:image\" content=\"https:\/\/tac-lackierzentrum.de\/wordpress\/wp-content\/uploads\/2020\/01\/tac-lackierzentrum-unfallinstandsetzung.jpg\" \/>\n\t<meta property=\"og:image:width\" content=\"320\" \/>\n\t<meta property=\"og:image:height\" content=\"239\" \/>\n\t<meta property=\"og:image:type\" content=\"image\/jpeg\" \/>\n<meta name=\"twitter:card\" content=\"summary_large_image\" \/>\n<meta name=\"twitter:label1\" content=\"Est. reading time\" \/>\n\t<meta name=\"twitter:data1\" content=\"2 minutes\" \/>\n<script type=\"application\/ld+json\" class=\"yoast-schema-graph\">{\"@context\":\"https:\\\/\\\/schema.org\",\"@graph\":[{\"@type\":\"WebPage\",\"@id\":\"https:\\\/\\\/tac-lackierzentrum.de\\\/wordpress\\\/hier-ist-noch-eine-seite\\\/moderne-fahrzeuginstandsetzung\\\/\",\"url\":\"https:\\\/\\\/tac-lackierzentrum.de\\\/wordpress\\\/hier-ist-noch-eine-seite\\\/moderne-fahrzeuginstandsetzung\\\/\",\"name\":\"Unfallinstandsetzung & Unfallreparatur in K\u00f6ln | TAC Lackierzentrum\",\"isPartOf\":{\"@id\":\"https:\\\/\\\/tac-lackierzentrum.de\\\/wordpress\\\/#website\"},\"primaryImageOfPage\":{\"@id\":\"https:\\\/\\\/tac-lackierzentrum.de\\\/wordpress\\\/hier-ist-noch-eine-seite\\\/moderne-fahrzeuginstandsetzung\\\/#primaryimage\"},\"image\":{\"@id\":\"https:\\\/\\\/tac-lackierzentrum.de\\\/wordpress\\\/hier-ist-noch-eine-seite\\\/moderne-fahrzeuginstandsetzung\\\/#primaryimage\"},\"thumbnailUrl\":\"https:\\\/\\\/tac-lackierzentrum.de\\\/wordpress\\\/wp-content\\\/uploads\\\/2020\\\/01\\\/tac-lackierzentrum-unfallinstandsetzung.jpg\",\"datePublished\":\"2014-11-24T19:50:19+00:00\",\"dateModified\":\"2020-04-08T14:16:49+00:00\",\"description\":\"Unfallreparatur in K\u00f6ln \u27a4 Professionelle Unfallinstandsetzung \u2714 Anfertigung von Ersatzteilen \u2714 Smart Repair \u2714 Leihwagen \u2714 \u260e 0221-541 605 - Jetzt anrufen!\",\"breadcrumb\":{\"@id\":\"https:\\\/\\\/tac-lackierzentrum.de\\\/wordpress\\\/hier-ist-noch-eine-seite\\\/moderne-fahrzeuginstandsetzung\\\/#breadcrumb\"},\"inLanguage\":\"en-US\",\"potentialAction\":[{\"@type\":\"ReadAction\",\"target\":[\"https:\\\/\\\/tac-lackierzentrum.de\\\/wordpress\\\/hier-ist-noch-eine-seite\\\/moderne-fahrzeuginstandsetzung\\\/\"]}]},{\"@type\":\"ImageObject\",\"inLanguage\":\"en-US\",\"@id\":\"https:\\\/\\\/tac-lackierzentrum.de\\\/wordpress\\\/hier-ist-noch-eine-seite\\\/moderne-fahrzeuginstandsetzung\\\/#primaryimage\",\"url\":\"https:\\\/\\\/tac-lackierzentrum.de\\\/wordpress\\\/wp-content\\\/uploads\\\/2020\\\/01\\\/tac-lackierzentrum-unfallinstandsetzung.jpg\",\"contentUrl\":\"https:\\\/\\\/tac-lackierzentrum.de\\\/wordpress\\\/wp-content\\\/uploads\\\/2020\\\/01\\\/tac-lackierzentrum-unfallinstandsetzung.jpg\",\"width\":320,\"height\":239,\"caption\":\"Unfallinstandsetzung K\u00f6ln\"},{\"@type\":\"BreadcrumbList\",\"@id\":\"https:\\\/\\\/tac-lackierzentrum.de\\\/wordpress\\\/hier-ist-noch-eine-seite\\\/moderne-fahrzeuginstandsetzung\\\/#breadcrumb\",\"itemListElement\":[{\"@type\":\"ListItem\",\"position\":1,\"name\":\"Home\",\"item\":\"https:\\\/\\\/tac-lackierzentrum.de\\\/wordpress\\\/\"},{\"@type\":\"ListItem\",\"position\":2,\"name\":\"Service\",\"item\":\"https:\\\/\\\/tac-lackierzentrum.de\\\/wordpress\\\/hier-ist-noch-eine-seite\\\/\"},{\"@type\":\"ListItem\",\"position\":3,\"name\":\"Unfallinstandsetzung\"}]},{\"@type\":\"WebSite\",\"@id\":\"https:\\\/\\\/tac-lackierzentrum.de\\\/wordpress\\\/#website\",\"url\":\"https:\\\/\\\/tac-lackierzentrum.de\\\/wordpress\\\/\",\"name\":\"TAC Lackier- und Karosseriezentrum - K\u00f6ln\",\"description\":\"TAC Lackier- und Karosseriezentrum k\u00fcmmert sich schnell und kompetent um Ihr Fahrzeug.\",\"publisher\":{\"@id\":\"https:\\\/\\\/tac-lackierzentrum.de\\\/wordpress\\\/#organization\"},\"potentialAction\":[{\"@type\":\"SearchAction\",\"target\":{\"@type\":\"EntryPoint\",\"urlTemplate\":\"https:\\\/\\\/tac-lackierzentrum.de\\\/wordpress\\\/?s={search_term_string}\"},\"query-input\":{\"@type\":\"PropertyValueSpecification\",\"valueRequired\":true,\"valueName\":\"search_term_string\"}}],\"inLanguage\":\"en-US\"},{\"@type\":\"Organization\",\"@id\":\"https:\\\/\\\/tac-lackierzentrum.de\\\/wordpress\\\/#organization\",\"name\":\"TAC Lackier- Karosseriezentrum\",\"url\":\"https:\\\/\\\/tac-lackierzentrum.de\\\/wordpress\\\/\",\"logo\":{\"@type\":\"ImageObject\",\"inLanguage\":\"en-US\",\"@id\":\"https:\\\/\\\/tac-lackierzentrum.de\\\/wordpress\\\/#\\\/schema\\\/logo\\\/image\\\/\",\"url\":\"https:\\\/\\\/tac-lackierzentrum.de\\\/wordpress\\\/wp-content\\\/uploads\\\/2020\\\/01\\\/karosseriebau-koeln-tac-lackierzentrum.jpg\",\"contentUrl\":\"https:\\\/\\\/tac-lackierzentrum.de\\\/wordpress\\\/wp-content\\\/uploads\\\/2020\\\/01\\\/karosseriebau-koeln-tac-lackierzentrum.jpg\",\"width\":300,\"height\":223,\"caption\":\"TAC Lackier- Karosseriezentrum\"},\"image\":{\"@id\":\"https:\\\/\\\/tac-lackierzentrum.de\\\/wordpress\\\/#\\\/schema\\\/logo\\\/image\\\/\"}}]}<\/script>\n<!-- \/ Yoast SEO plugin. -->","yoast_head_json":{"title":"Unfallinstandsetzung & Unfallreparatur in K\u00f6ln | TAC Lackierzentrum","description":"Unfallreparatur in K\u00f6ln \u27a4 Professionelle Unfallinstandsetzung \u2714 Anfertigung von Ersatzteilen \u2714 Smart Repair \u2714 Leihwagen \u2714 \u260e 0221-541 605 - Jetzt anrufen!","robots":{"index":"index","follow":"follow","max-snippet":"max-snippet:-1","max-image-preview":"max-image-preview:large","max-video-preview":"max-video-preview:-1"},"canonical":"https:\/\/tac-lackierzentrum.de\/wordpress\/hier-ist-noch-eine-seite\/moderne-fahrzeuginstandsetzung\/","og_locale":"en_US","og_type":"article","og_title":"Unfallinstandsetzung & Unfallreparatur in K\u00f6ln | TAC Lackierzentrum","og_description":"Unfallreparatur in K\u00f6ln \u27a4 Professionelle Unfallinstandsetzung \u2714 Anfertigung von Ersatzteilen \u2714 Smart Repair \u2714 Leihwagen \u2714 \u260e 0221-541 605 - Jetzt anrufen!","og_url":"https:\/\/tac-lackierzentrum.de\/wordpress\/hier-ist-noch-eine-seite\/moderne-fahrzeuginstandsetzung\/","og_site_name":"TAC Lackier- und Karosseriezentrum - K\u00f6ln","article_modified_time":"2020-04-08T14:16:49+00:00","og_image":[{"width":320,"height":239,"url":"https:\/\/tac-lackierzentrum.de\/wordpress\/wp-content\/uploads\/2020\/01\/tac-lackierzentrum-unfallinstandsetzung.jpg","type":"image\/jpeg"}],"twitter_card":"summary_large_image","twitter_misc":{"Est. reading time":"2 minutes"},"schema":{"@context":"https:\/\/schema.org","@graph":[{"@type":"WebPage","@id":"https:\/\/tac-lackierzentrum.de\/wordpress\/hier-ist-noch-eine-seite\/moderne-fahrzeuginstandsetzung\/","url":"https:\/\/tac-lackierzentrum.de\/wordpress\/hier-ist-noch-eine-seite\/moderne-fahrzeuginstandsetzung\/","name":"Unfallinstandsetzung & Unfallreparatur in K\u00f6ln | TAC Lackierzentrum","isPartOf":{"@id":"https:\/\/tac-lackierzentrum.de\/wordpress\/#website"},"primaryImageOfPage":{"@id":"https:\/\/tac-lackierzentrum.de\/wordpress\/hier-ist-noch-eine-seite\/moderne-fahrzeuginstandsetzung\/#primaryimage"},"image":{"@id":"https:\/\/tac-lackierzentrum.de\/wordpress\/hier-ist-noch-eine-seite\/moderne-fahrzeuginstandsetzung\/#primaryimage"},"thumbnailUrl":"https:\/\/tac-lackierzentrum.de\/wordpress\/wp-content\/uploads\/2020\/01\/tac-lackierzentrum-unfallinstandsetzung.jpg","datePublished":"2014-11-24T19:50:19+00:00","dateModified":"2020-04-08T14:16:49+00:00","description":"Unfallreparatur in K\u00f6ln \u27a4 Professionelle Unfallinstandsetzung \u2714 Anfertigung von Ersatzteilen \u2714 Smart Repair \u2714 Leihwagen \u2714 \u260e 0221-541 605 - Jetzt anrufen!","breadcrumb":{"@id":"https:\/\/tac-lackierzentrum.de\/wordpress\/hier-ist-noch-eine-seite\/moderne-fahrzeuginstandsetzung\/#breadcrumb"},"inLanguage":"en-US","potentialAction":[{"@type":"ReadAction","target":["https:\/\/tac-lackierzentrum.de\/wordpress\/hier-ist-noch-eine-seite\/moderne-fahrzeuginstandsetzung\/"]}]},{"@type":"ImageObject","inLanguage":"en-US","@id":"https:\/\/tac-lackierzentrum.de\/wordpress\/hier-ist-noch-eine-seite\/moderne-fahrzeuginstandsetzung\/#primaryimage","url":"https:\/\/tac-lackierzentrum.de\/wordpress\/wp-content\/uploads\/2020\/01\/tac-lackierzentrum-unfallinstandsetzung.jpg","contentUrl":"https:\/\/tac-lackierzentrum.de\/wordpress\/wp-content\/uploads\/2020\/01\/tac-lackierzentrum-unfallinstandsetzung.jpg","width":320,"height":239,"caption":"Unfallinstandsetzung K\u00f6ln"},{"@type":"BreadcrumbList","@id":"https:\/\/tac-lackierzentrum.de\/wordpress\/hier-ist-noch-eine-seite\/moderne-fahrzeuginstandsetzung\/#breadcrumb","itemListElement":[{"@type":"ListItem","position":1,"name":"Home","item":"https:\/\/tac-lackierzentrum.de\/wordpress\/"},{"@type":"ListItem","position":2,"name":"Service","item":"https:\/\/tac-lackierzentrum.de\/wordpress\/hier-ist-noch-eine-seite\/"},{"@type":"ListItem","position":3,"name":"Unfallinstandsetzung"}]},{"@type":"WebSite","@id":"https:\/\/tac-lackierzentrum.de\/wordpress\/#website","url":"https:\/\/tac-lackierzentrum.de\/wordpress\/","name":"TAC Lackier- und Karosseriezentrum - K\u00f6ln","description":"TAC Lackier- und Karosseriezentrum k\u00fcmmert sich schnell und kompetent um Ihr Fahrzeug.","publisher":{"@id":"https:\/\/tac-lackierzentrum.de\/wordpress\/#organization"},"potentialAction":[{"@type":"SearchAction","target":{"@type":"EntryPoint","urlTemplate":"https:\/\/tac-lackierzentrum.de\/wordpress\/?s={search_term_string}"},"query-input":{"@type":"PropertyValueSpecification","valueRequired":true,"valueName":"search_term_string"}}],"inLanguage":"en-US"},{"@type":"Organization","@id":"https:\/\/tac-lackierzentrum.de\/wordpress\/#organization","name":"TAC Lackier- Karosseriezentrum","url":"https:\/\/tac-lackierzentrum.de\/wordpress\/","logo":{"@type":"ImageObject","inLanguage":"en-US","@id":"https:\/\/tac-lackierzentrum.de\/wordpress\/#\/schema\/logo\/image\/","url":"https:\/\/tac-lackierzentrum.de\/wordpress\/wp-content\/uploads\/2020\/01\/karosseriebau-koeln-tac-lackierzentrum.jpg","contentUrl":"https:\/\/tac-lackierzentrum.de\/wordpress\/wp-content\/uploads\/2020\/01\/karosseriebau-koeln-tac-lackierzentrum.jpg","width":300,"height":223,"caption":"TAC Lackier- Karosseriezentrum"},"image":{"@id":"https:\/\/tac-lackierzentrum.de\/wordpress\/#\/schema\/logo\/image\/"}}]}},"_links":{"self":[{"href":"https:\/\/tac-lackierzentrum.de\/wordpress\/wp-json\/wp\/v2\/pages\/1188","targetHints":{"allow":["GET"]}}],"collection":[{"href":"https:\/\/tac-lackierzentrum.de\/wordpress\/wp-json\/wp\/v2\/pages"}],"about":[{"href":"https:\/\/tac-lackierzentrum.de\/wordpress\/wp-json\/wp\/v2\/types\/page"}],"author":[{"embeddable":true,"href":"https:\/\/tac-lackierzentrum.de\/wordpress\/wp-json\/wp\/v2\/users\/1"}],"replies":[{"embeddable":true,"href":"https:\/\/tac-lackierzentrum.de\/wordpress\/wp-json\/wp\/v2\/comments?post=1188"}],"version-history":[{"count":13,"href":"https:\/\/tac-lackierzentrum.de\/wordpress\/wp-json\/wp\/v2\/pages\/1188\/revisions"}],"predecessor-version":[{"id":2436,"href":"https:\/\/tac-lackierzentrum.de\/wordpress\/wp-json\/wp\/v2\/pages\/1188\/revisions\/2436"}],"up":[{"embeddable":true,"href":"https:\/\/tac-lackierzentrum.de\/wordpress\/wp-json\/wp\/v2\/pages\/21"}],"wp:featuredmedia":[{"embeddable":true,"href":"https:\/\/tac-lackierzentrum.de\/wordpress\/wp-json\/wp\/v2\/media\/2390"}],"wp:attachment":[{"href":"https:\/\/tac-lackierzentrum.de\/wordpress\/wp-json\/wp\/v2\/media?parent=1188"}],"wp:term":[{"taxonomy":"post_tag","embeddable":true,"href":"https:\/\/tac-lackierzentrum.de\/wordpress\/wp-json\/wp\/v2\/tags?post=1188"}],"curies":[{"name":"wp","href":"https:\/\/api.w.org\/{rel}","templated":true}]}}